2
Suppose 0 = 5*c - 8*c + 24. Let v = 12 - c. Suppose v*y + 2 - 86 = 0. List the prime factors of y.
3, 7
Let o = 0 - 0. Let k(g) = -3*g + 1. Let u be k(-2). Suppose d - u = -o. What are the prime factors of d?
7
Suppose -o - 2*o + 555 = -5*l, 766 = 4*o + 2*l. Suppose d + 141 = -4*v, -5*v - 3*d - d - o = 0. What are the prime factors of v/(-10) - (-8)/(-20)?
3
Let j(s) = -4*s**2 + 7*s + 19. Let r(o) = 5*o**2 - 6*o - 20. Let i(q) = 6*j(q) + 5*r(q). List the prime factors of i(-11).
3
Let r(x) = 2*x**2 + 3*x + 4. Let o(d) be the second derivative of -d**3/6 - d**2/2 - d. Let w be o(2). What are the prime factors of r(w)?
13
Let x = -247 + 477. List the prime factors of x.
2, 5, 23
Let i = -16 - -55. Let r = 11 - 39. Let m = i + r. List the prime factors of m.
11
Let t = 21 - 15. What are the prime factors of t?
2, 3
Let b(w) = 8*w - 3. Let g be b(-3). What are the prime factors of g/(-3) - 1 - -2?
2, 5
Let c = -14 - -18. Suppose 2*s - 148 = -3*s - 2*b, -2*b - 104 = -c*s. What are the prime factors of s?
2, 7
Let v(b) = b + 6. Let o be v(-6). Suppose o = -3*j + 33 + 15. What are the prime factors of j?
2
Suppose 8 = r + 34. Let m = -6 - r. List the prime factors of m.
2, 5
Suppose s = -s. Suppose 5*z + 3*g - 100 = 0, s*g + 100 = 5*z - 3*g. List the prime factors of z.
2, 5
Let x(o) = -2*o**2 - 2*o - 2. Let y be x(-1). Let w = 7 + y. List the prime factors of w.
5
Suppose -5*s - 28 = -2*o + 48, 2*o - 82 = 2*s. Let d = o - 28. List the prime factors of d.
3, 5
Let a = 354 + -193. List the prime factors of a.
7, 23
Suppose -g - 6 - 34 = 0. What are the prime factors of (-1)/(-5) - 952/g?
2, 3
List the prime factors of 36/63 + (-398)/(-14).
29
Let m = -5 + 7. Suppose m*o = 17 + 21. What are the prime factors of o?
19
Let o be (-4)/(-14) - 4/14. Suppose -k + 6*k - 80 = o. What are the prime factors of k?
2
Let k(v) = v**2 - 3*v + 2. Let m be k(3). Suppose x + 3*x = 3*u + 7, m*u - x - 2 = 0. What are the prime factors of u?
3
Suppose 6*v - 2*v = 92. Let q = v + -1. List the prime factors of q.
2, 11
Suppose -c + 2*t = -4*c + 1075, -2*c - 2*t + 716 = 0. List the prime factors of c.
359
What are the prime factors of (6*4)/((-3)/(-14))?
2, 7
Let j = 7 + -19. Let l be 2*34*(-2)/8. Let z = j - l. What are the prime factors of z?
5
Let k(y) = y**2 - 7*y + 3. Let g be k(7). Suppose -g*c = 4*b + 19 + 4, 0 = 4*c - 12. List the prime factors of (-38)/b - (-1)/4.
5
Suppose 0*h = 4*h + 8. Let v be h + (-1 - 0)*-1. List the prime factors of (-10)/(-3) - v/(-3).
3
Suppose 2*a - 21 = 87. List the prime factors of a.
2, 3
Let x = -242 + 400. List the prime factors of x.
2, 79
Suppose -4*t + z + 104 = 0, t - 20 = -2*z + 6. Let x = t + -5. What are the prime factors of x?
3, 7
Suppose 5*t - t = 0. Let b(r) = r**3 - r**2 + r + 4. Let d be b(0). Suppose -d*i + 75 - 19 = t. List the prime factors of i.
2, 7
Suppose -5*t - 184 = -2*o, 5*o + 2*t - 402 = -0*t. List the prime factors of o.
2, 41
Let s(r) = -r + 3. Let m be s(0). Suppose -m*y = -5*t - 91, y - 4*y + 75 = 3*t. What are the prime factors of y?
3
Suppose 9 = 3*s + 2*m, -4*m + 3 = 4*s - 9. Suppose 9 - s = -3*l. List the prime factors of (l - 32)/(-3 + 1).
17
Suppose -688 = -2*h - m + 2*m, -4*h = -m - 1376. List the prime factors of h.
2, 43
Suppose 4*d - 1760 = -7*d. What are the prime factors of d?
2, 5
Let k(g) = -g**3 + g**2 - g + 49. List the prime factors of k(0).
7
Let i(v) = 6*v + 12. Let o be i(-8). Let t = 23 + o. Let a = t + 18. What are the prime factors of a?
5
Suppose 0 = s - 4*s + 15. List the prime factors of s.
5
Suppose 0 = 2*i - 4*i + 6. Let n = -1 + i. List the prime factors of n.
2
Suppose -5*l + 176 = -3*l. List the prime factors of l.
2, 11
Let x(q) = 3*q**3 - 13*q**2 + 8*q + 13. Let n(f) = -f**3 - f**2 + f. Let r(v) = -2*n(v) - x(v). List the prime factors of r(14).
43
Let q = -2 - -8. Let x be (-7)/(-1)*36/14. List the prime factors of (-3)/q - x/(-4).
2
Suppose 6 = k - 0. Suppose 0*j - 3*j + 3 = 0. Let o = k + j. What are the prime factors of o?
7
Let f(j) = 54*j - 19. What are the prime factors of f(3)?
11, 13
Let o(b) = -b - 6. Let m be o(-7). Let n be (2/(-2) + m)/1. Suppose p + 5*h + 4 = n, -h + 4 + 15 = 2*p. What are the prime factors of p?
11
Let r be (1/(-3))/(4/(-276)). Let n = -13 + r. What are the prime factors of n?
2, 5
Let d(a) = 4*a - 3. Let q be d(3). Let v = 58 + q. Suppose 4*i = 5*y + v, -58 = -6*i + 2*i + 2*y. List the prime factors of i.
13
Let h(g) = 2*g. Suppose -2*s + 4 + 0 = 0. Let p be h(s). Suppose p*q = 55 - 19. What are the prime factors of q?
3
Suppose z - 4*m - 28 - 2 = 0, 0 = -5*z + m + 245. Suppose 200 - z = 5*b. List the prime factors of b.
2, 3, 5
Let u(g) = -g**3 + 6*g**2 + 9*g - 4. Let k = 26 + -7. Let s = k + -12. What are the prime factors of u(s)?
2, 5
Suppose -41 = -s + 2*y, 2*s + 114 = 5*s - 3*y. List the prime factors of s.
5, 7
Suppose 2 = 2*l - 4. Suppose 2*n + n + 4*z + 35 = 0, l*n + 30 = -3*z. What are the prime factors of (12/n)/(1/(-5))?
2, 3
Let c = 179 + -111. List the prime factors of c.
2, 17
Let o = 141 + 55. What are the prime factors of o?
2, 7
Let b(i) = 6*i**2 + 5*i + 2. Let j(f) = -7*f**2 - 6*f - 2. Let r(x) = 3*b(x) + 2*j(x). What are the prime factors of r(-2)?
2, 3
Let d be 2*(-1)/(-3)*3. Suppose d*k + 2*k - c - 13 = 0, 0 = -c + 3. Suppose -h + 30 = k*h. What are the prime factors of h?
2, 3
Let s(x) = -x**2 + 22*x + 1. List the prime factors of s(18).
73
Let s = 6 + -2. Suppose -s*i + 63 = 4*n + 19, -4*i + 3*n = -51. What are the prime factors of i?
2, 3
Let v(s) = -s + 2. Let y = -8 + 11. Let b be v(y). List the prime factors of 1 - b - (0 + -2).
2
Let f(m) be the first derivative of 2*m**2 - m + 1. List the prime factors of f(3).
11
Suppose -f + 10 = -g - 1, 2*f + 4*g - 40 = 0. What are the prime factors of 6/(-9) + f/3?
2
Let r(p) = 3*p**2 - 4*p. Let z be r(3). Suppose 0 = -z*n + 12*n + 21. What are the prime factors of n?
7
What are the prime factors of (-2)/4 + 1 + (-191)/(-2)?
2, 3
Suppose 4*c - z = 4, 8 = 2*c + z - 0. Suppose 14 = -r + 3*m + m, c*m = 10. List the prime factors of r.
2, 3
Let a(y) be the second derivative of -1/6*y**3 + 5/12*y**4 + y**2 + 1/20*y**5 + y + 0. List the prime factors of a(-5).
7
Let o(d) = -d**3 - 6*d**2 + 7*d + 6. Let b(r) = -r - 3. Let k be b(4). Let i be o(k). Suppose 3*g = -i + 54. List the prime factors of g.
2
Let h = 36 + -25. Let c = -1 + h. Suppose -5*v + c = -0*v. List the prime factors of v.
2
Let g(i) = 7*i**2 - 2*i - 1. Let s be g(-1). Let z(l) = 2*l - 2. List the prime factors of z(s).
2, 7
Suppose 66 = -3*t + 5*t. List the prime factors of t.
3, 11
Let p(z) = z. Let t = -14 - -24. What are the prime factors of p(t)?
2, 5
Let q(u) = -1 + 4 - 2 + 5*u. Let p be q(6). Suppose 3*b + b + v - p = 0, -5*b = v - 39. List the prime factors of b.
2
Let n = 149 + -38. List the prime factors of n.
3, 37
Suppose 2*u = 5*c - 23, -u - u + 4*c = 18. Suppose 3*z + u = 3*o - 2, 2*z - 10 = -o. Suppose 13 = w + q, 0*w + z*w - q - 27 = 0. List the prime factors of w.
2, 5
Let u(y) = y - 6. Let b be u(8). Suppose b*s + 0*s - 22 = 0. List the prime factors of s.
11
Let g(x) = -70*x + 5. Let k be g(5). Let w be (1/(-3))/(5/k). Suppose -4*b + 3*p + 1 = -w, -2*b + 5*p + 12 = 0. What are the prime factors of b?
2, 3
Let s(g) be the first derivative of -g**2/2 + 3*g + 5. Let i = -18 + 10. List the prime factors of s(i).
11
Let o = -40 - -27. List the prime factors of -1 + (2 + o)/(-1).
2, 5
Suppose 3 = -w + 3*c, -w - w + 3 = -3*c. Let b = 16 - w. What are the prime factors of b?
2, 5
Let m = -6 - -4. List the prime factors of (-1)/m + 222/12.
19
Let n(y) = -y**2 + 2*y + 2. Let b(m) = -m**3 - 9*m**2 - m - 11. Let x be b(-9). Let z be n(x). List the prime factors of -1 - 20/(z/3).
3
Let a = -64 + 105. What are the prime factors of a?
41
Let b(q) = 52 - q - 52 + 33*q**2. What are the prime factors of b(-1)?
2, 17
Let v(f) be the first derivative of f**3/3 + f**2 - f + 1. Let y be v(-3). Let w(m) = 5*m**2 - 3*m + 2. List the prime factors of w(y).
2
Suppose 0 = -3*p + 12, 124 = 5*b - 3*b - p. What are the prime factors of b?
2
Suppose 4*n + 30 = 4*x + n, 2*n - 13 = -x. Let y = x + -4. What are the prime factors of y?
5
Let b(j) be the first derivative of -j**2/2 - 7*j - 5. Let a be (-79)/9 + 4/(-18). List the